ate the remainder when 667 is divided by 69.
46
What is the remainder when 62 is divided by 10?
2
What is the remainder when 40 is divided by 16?
8
Calculate the remainder when 419 is divided by 222.
197
What is the remainder when 107 is divided by 27?
26
What is the remainder when 2266 is divided by 14?
12
Calculate the remainder when 586 is divided by 18.
10
What is the remainder when 1724 is divided by 12?
8
Calculate the remainder when 2177 is divided by 19.
11
Calculate the remainder when 1261 is divided by 289.
105
Calculate the remainder when 467 is divided by 6.
5
What is the remainder when 4894 is divided by 59?
56
Calculate the remainder when 244 is divided by 49.
48
Calculate the remainder when 851 is divided by 9.
5
Calculate the remainder when 87 is divided by 20.
7
Calculate the remainder when 7405 is divided by 23.
22
Calculate the remainder when 189 is divided by 55.
24
What is the remainder when 375 is divided by 95?
90
Calculate the remainder when 2572 is divided by 83.
82
What is the remainder when 2439 is divided by 53?
1
Calculate the remainder when 26 is divided by 9.
8
What is the remainder when 299 is divided by 100?
99
Calculate the remainder when 489 is divided by 82.
79
What is the remainder when 172 is divided by 4?
0
Calculate the remainder when 2412 is divided by 19.
18
Calculate the remainder when 103 is divided by 35.
33
Calculate the remainder when 1119 is divided by 20.
19
Calculate the remainder when 298 is divided by 70.
18
Calculate the remainder when 1254 is divided by 14.
8
Calculate the remainder when 167 is divided by 48.
23
Calculate the remainder when 68 is divided by 14.
12
What is the remainder when 375 is divided by 18?
15
What is the remainder when 5545 is divided by 73?
70
What is the remainder when 1046 is divided by 340?
26
Calculate the remainder when 4124 is divided by 25.
24
What is the remainder when 833 is divided by 331?
171
Calculate the remainder when 143 is divided by 48.
47
What is the remainder when 196 is divided by 78?
40
What is the remainder when 356 is divided by 20?
16
Calculate the remainder when 17 is divided by 2.
1
Calculate the remainder when 1254 is divided by 44.
22
Calculate the remainder when 12209 is divided by 142.
139
Calculate the remainder when 534 is divided by 252.
30
What is the remainder when 2295 is divided by 207?
18
What is the remainder when 377 is divided by 78?
65
Calculate the remainder when 154 is divided by 39.
37
What is the remainder when 1108 is divided by 357?
37
What is the remainder when 94 is divided by 19?
18
What is the remainder when 111 is divided by 82?
29
What is the remainder when 807 is divided by 40?
7
What is the remainder when 18394 is divided by 28?
26
What is the remainder when 360 is divided by 151?
58
What is the remainder when 196 is divided by 9?
7
What is the remainder when 189 is divided by 34?
19
What is the remainder when 585 is divided by 135?
45
Calculate the remainder when 936 is divided by 109.
64
What is the remainder when 4399 is divided by 39?
31
What is the remainder when 124 is divided by 25?
24
Calculate the remainder when 3447 is divided by 1716.
15
Calculate the remainder when 68 is divided by 4.
0
What is the remainder when 1475 is divided by 2?
1
Calculate the remainder when 826 is divided by 166.
162
What is the remainder when 557 is divided by 16?
13
Calculate the remainder when 59 is divided by 34.
25
What is the remainder when 115 is divided by 18?
7
What is the remainder when 633 is divided by 212?
209
What is the remainder when 179 is divided by 33?
14
Calculate the remainder when 339 is divided by 23.
17
Calculate the remainder when 1403 is divided by 5.
3
Calculate the remainder when 53 is divided by 42.
11
Calculate the remainder when 334 is divided by 20.
14
What is the remainder when 278 is divided by 56?
54
Calculate the remainder when 866 is divided by 59.
40
Calculate the remainder when 232 is divided by 17.
11
Calculate the remainder when 163 is divided by 33.
31
What is the remainder when 293 is divided by 75?
68
Calculate the remainder when 813 is divided by 164.
157
Calculate the remainder when 72 is divided by 33.
6
What is the remainder when 395 is divided by 178?
39
What is the remainder when 854 is divided by 107?
105
Calculate the remainder when 466 is divided by 19.
10
Calculate the remainder when 1514 is divided by 22.
18
What is the remainder when 331 is divided by 285?
46
What is the remainder when 700 is divided by 54?
52
Calculate the remainder when 87 is divided by 23.
18
Calculate the remainder when 5798 is divided by 20.
18
What is the remainder when 462 is divided by 13?
7
What is the remainder when 450 is divided by 38?
32
Calculate the remainder when 19 is divided by 12.
7
Calculate the remainder when 3113 is divided by 26.
19
Calculate the remainder when 679 is divided by 20.
19
What is the remainder when 43 is divided by 36?
7
What is the remainder when 285 is divided by 150?
135
What is the remainder when 77 is divided by 37?
3
Calculate the remainder when 231 is divided by 18.
15
Calculate the remainder when 245 is divided by 45.
20
Calculate the remainder when 90 is divided by 76.
14
What is the remainder when 54148 is divided by 285?
283
Calculate the remainder when 818 is divided by 175.
118
Calculate the remainder when 128 is divided by 58.
12
What is the remainder when 217 is divided by 44?
41
Calculate the remainder when 138 is divided by 46.
0
Calculate the remainder when 1145 is divided by 32.
25
Calculate the remainder when 2119 is divided by 178.
161
What is the remainder when 35 is divided by 23?
12
Calculate the remainder when 2847 is divided by 178.
177
What is the remainder when 666 is divided by 28?
22
Calculate the remainder when 570 is divided by 201.
168
Calculate the remainder when 5297 is divided by 588.
5
What is the remainder when 325 is divided by 47?
43
What is the remainder when 702 is divided by 37?
36
What is the remainder when 354 is divided by 61?
49
Calculate the remainder when 91 is divided by 16.
11
What is the remainder when 55 is divided by 14?
13
What is the remainder when 267 is divided by 15?
12
Calculate the remainder when 234 is divided by 79.
76
Calculate the remainder when 91 is divided by 19.
15
Calculate the remainder when 14 is divided by 4.
2
What is the remainder when 239 is divided by 77?
8
What is the remainder when 2777 is divided by 402?
365
Calculate the remainder when 204 is divided by 103.
101
What is the remainder when 543 is divided by 519?
24
Calculate the remainder when 14 is divided by 12.
2
What is the remainder when 5882 is divided by 48?
26
What is the remainder when 1385 is divided by 19?
17
Calculate the remainder when 164 is divided by 111.
53
What is the remainder when 1369 is divided by 16?
9
What is the remainder when 179 is divided by 60?
59
What is the remainder when 1696 is divided by 152?
24
Calculate the remainder when 1343 is divided by 5.
3
What is the remainder when 984 is divided by 327?
3
Calculate the remainder when 4942 is divided by 206.
204
Calculate the remainder when 524 is divided by 12.
8
What is the remainder when 406 is divided by 201?
4
What is the remainder when 286 is divided by 74?
64
What is the remainder when 230 is divided by 211?
19
What is the remainder when 1661 is divided by 5?
1
What is the remainder when 170 is divided by 6?
2
Calculate the remainder when 803 is divided by 291.
221
What is the remainder when 3414 is divided by 1135?
9
Calculate the remainder when 2212 is divided by 69.
4
What is the remainder when 4461 is divided by 144?
141
What is the remainder when 729 is divided by 17?
15
What is the remainder when 494 is divided by 62?
60
Calculate the remainder when 53 is divided by 18.
17
Calculate the remainder when 353 is divided by 21.
17
What is the remainder when 1053 is divided by 11?
8
What is the remainder when 2241 is divided by 23?
10
Calculate the remainder when 270 is divided by 18.
0
Calculate the remainder when 220 is divided by 56.
52
What is the remainder when 410 is divided by 39?
20
Calculate the remainder when 463 is divided by 29.
28
Calculate the remainder when 200 is divided by 106.
94
What is the remainder when 594 is divided by 10?
4
Calc